 = -2*w - 4. Let c be j(t). What is the highest common factor of c and 2?
2
Suppose 5*d = -4*k + 530, -3*d - 5*k = d - 415. Let v = 1 - -9. Calculate the highest common factor of d and v.
10
Suppose -704 = -3*c - 89. What is the highest common factor of c and 82?
41
Suppose -2*z - 1 = -73. Suppose 2*p + 2*p = 36. Calculate the highest common divisor of z and p.
9
Let h be 614/7 + 2/7. Let r(o) be the first derivative of o**4/4 - o**2/2 + 8*o + 2. Let k be r(0). What is the highest common factor of k and h?
8
Let n be (-46)/(-11) - 2/11. Suppose n*t - t - 36 = 0. Calculate the highest common divisor of t and 24.
12
Suppose -2*y - 472 = -3*u, 0 = 2*y - y + 5. Calculate the highest common divisor of u and 14.
14
Suppose 8*u - 32 = 4*u. Calculate the greatest common factor of u and 56.
8
Let h = 106 + 44. What is the highest common divisor of 15 and h?
15
Suppose 84*m = 81*m + 975. What is the greatest common divisor of 13 and m?
13
Let x(v) = v**3 - 8*v**2 + 2*v + 6. Let s be x(8). Let k be -2*11*(-5)/10. What is the greatest common divisor of s and k?
11
Suppose 0 = -2*n + 15 + 3. Suppose -4*v + 2*p + 74 = -3*v, -p + 215 = 3*v. Calculate the greatest common divisor of v and n.
9
Let k(v) = 2*v**3 - 3*v**2 - 27*v + 5. Let b be k(5). Suppose 2*h - 33 = d, 3*h - 39 - 12 = d. What is the greatest common divisor of b and h?
9
Let h be 8*(3 + (4 - 5)). What is the greatest common factor of 112 and h?
16
Suppose -2*g + 3*b = -45, -5*g = -2*g - b - 71. What is the greatest common factor of g and 12?
12
Let k = 5 + -4. Calculate the highest common divisor of k and 1.
1
Suppose 0 = 14*d - 13*d - 135. Calculate the highest common divisor of d and 54.
27
Let m = 48 + -30. What is the highest common divisor of m and 126?
18
Let m(w) = 6*w - 8. Let t be m(6). Suppose 21 = 4*n - 59. Suppose 0*r = 5*r - n. Calculate the greatest common factor of r and t.
4
Let u(w) = 9*w - 6. Let f be u(8). Let v(o) = -o**2 - 8*o - 3. Let j be v(-7). Let x be 23/4 - (-1)/j. Calculate the greatest common factor of f and x.
6
Let d(f) = -5*f. Let l(v) = -3*v. Let x(t) = 2*d(t) - 5*l(t). Let a be x(1). Suppose 0*j + 140 = a*j. Calculate the greatest common divisor of 14 and j.
14
Let u be (-5 + -4 + -3)*-4. What is the highest common factor of u and 32?
16
Let p be (-584)/(-36) + (-87)/27 + 3. Let c(t) = -t**3 + t**2 + 4. Let b be c(0). Calculate the highest common factor of b and p.
4
Let w be (2/4)/(23/184). Let p = -20 + 28. What is the highest common divisor of p and w?
4
Let v = 22 + -28. Let i(t) = 2*t + 4 + 4*t**2 - 4. Let w be i(v). Calculate the highest common divisor of 12 and w.
12
Suppose -3*r + 0 = -30. Suppose 4*u - 573 + 213 = 0. Calculate the highest common factor of r and u.
10
Let w(a) be the second derivative of -a**3 - a**2/2 + 9*a. Let q be w(-5). Calculate the greatest common divisor of 58 and q.
29
Suppose z - x - 205 = 0, -6*x = 2*z - 3*x - 420. Suppose w - 48 = 2*t, 3*t + z = 5*w + 4*t. Calculate the greatest common divisor of w and 14.
14
Let b = -65 - -19. Let w = -32 - b. What is the greatest common factor of 35 and w?
7
Let i = 27 + 29. Let j = -82 + i. Let u be 4/12 - j/3. Calculate the highest common factor of u and 18.
9
Suppose 3*o = -o + 936. Calculate the greatest common divisor of o and 26.
26
Let b be ((-360)/35)/((-4)/42). What is the highest common factor of b and 12?
12
Suppose y - 3*l = 201, -3*y + l + 2*l = -579. Calculate the greatest common factor of 21 and y.
21
Suppose -c + 3*b + 8 = 0, 8 - 28 = -5*c - 5*b. What is the greatest common divisor of 45 and c?
5
Let l(q) = 3*q**3 + q**2 + 2*q - 1. Let o be l(2). Suppose -n = -3*a - o, -4 - 162 = -4*n - 2*a. Calculate the highest common factor of n and 60.
20
Let b(k) = 5*k - 15. Let o be b(5). Let g be (-6)/(-4)*80/12. Calculate the highest common divisor of g and o.
10
Let c = 88 - 56. Let t = c - 17. What is the highest common factor of t and 10?
5
Let l(a) = 3*a**2 - 7*a + 19. Let p be l(3). Calculate the highest common factor of 10 and p.
5
Let s = 16 - 15. Let b be s*13 - (-13 - -17). What is the greatest common factor of 18 and b?
9
Suppose -w = -29 + 26. Let z be 11*6*1/2. Calculate the highest common factor of w and z.
3
Suppose 3*z - 22 = 41. Suppose 0 = 4*p - 2*p + 4. Let j = p - -5. Calculate the highest common divisor of z and j.
3
Let l = -135 + 174. What is the greatest common factor of l and 195?
39
Suppose 2*g = 4*f + 90 - 22, -5*g = -5*f - 160. Calculate the greatest common factor of 10 and g.
10
Let p be 142/10 + (-2)/10. Let a = 41 - 27. What is the highest common divisor of a and p?
14
Suppose 0*s + 183 = 3*s. Suppose 0 = 5*j - 3*j + 328. Let g = s - j. Calculate the highest common factor of 25 and g.
25
Let v(q) = -10*q - 6. Let z be v(-6). What is the greatest common divisor of z and 36?
18
Let p be 2 - ((1 - 0) + 0). Let i = p + 5. Calculate the highest common divisor of i and 4.
2
Let s be (-34 - -1)*(-70)/42. Let j = -1 + 0. Let f be -5*((-1 - j) + -1). What is the greatest common divisor of s and f?
5
Let w = 40 + -31. What is the greatest common factor of w and 27?
9
Let z(q) = 2*q - 6. Let d be z(6). Let g be (4 + -2 - 6) + 0 - -22. Calculate the greatest common factor of d and g.
6
Let y be -3*(3 - (3 + 2)). What is the greatest common divisor of y and 66?
6
Suppose -3*b = -2*b + 69. Suppose 6*z - 297 = 3*z. Let f = b + z. Calculate the highest common divisor of f and 10.
10
Suppose -4*h - h - 115 = 0. Let w = h - -15. Let n = w + 12. Calculate the highest common factor of n and 2.
2
Let p(z) = 3*z + 5. Let y be p(-4). Let w be (72/4)/(-2) - 1. Let d = y - w. What is the highest common divisor of d and 24?
3
Suppose -2*w - 4*j = 2*w - 476, w - j = 115. Suppose -2*o = 5*q + 3*o - 115, -2*q + 28 = -4*o. Let l = -7 + q. What is the highest common divisor of w and l?
13
Let f(a) be the second derivative of a**5/20 + 11*a**4/12 + 13*a**3/6 + 11*a**2/2 - 5*a. Let j be f(-9). Calculate the highest common factor of 84 and j.
28
Let u(n) be the first derivative of n**3 + 4. Let x be u(-3). Calculate the greatest common divisor of 9 and x.
9
Let x be ((-24)/20)/(9/(-30)). Let v(z) = -z**3 - 4*z**2 + 2. Let a be v(-4). What is the greatest common divisor of a and x?
2
Suppose 3*s - 64 = -s. What is the greatest common divisor of 112 and s?
16
Suppose -f + 2*h + 3 = 0, 5*f - f = -h + 12. Suppose -3*j = -4*t + 48, -f*t = -5*j - 17 - 8. What is the greatest common divisor of t and 120?
15
Let m(y) = -7*y**2 + 3*y - 2. Let l be m(2). Let d = -10 - l. What is the highest common factor of d and 14?
14
Let h(x) = -x**3 + 5*x**2 + x - 3. Let l be h(5). Let v = l - 1. What is the highest common factor of 9 and v?
1
Suppose -18 = 4*u + 18. Let t = 27 + u. Suppose -3*l - 2*f = -4*l + t, 0 = 3*f + 15. What is the highest common divisor of l and 56?
8
Let g = -18 - -12. Let c = g - -61. What is the greatest common factor of 22 and c?
11
Suppose -11*h = -16*h + 65. What is the greatest common divisor of h and 104?
13
Let p = -80 + 256. Calculate the greatest common divisor of 16 and p.
16
Suppose -3*n + 14 + 1 = d, 0 = -5*d + 3*n + 93. What is the greatest common divisor of d and 27?
9
Suppose 7 = l + 4. Let i be 5 + (-9)/(0 + l). What is the highest common factor of 1 and i?
1
Suppose 134 = y - 250. Suppose l + 4*i - y = -3*l, -66 = -l + 5*i. Calculate the highest common factor of l and 13.
13
Let z(a) = -a**2 + 5*a - 1. Let w be z(4). Let f be 5 + (-140)/25 + (-36)/(-10). What is the greatest common divisor of f and w?
3
Let y(k) = -32*k. Let n be y(-5). Let q = -40 - -56. Calculate the highest common divisor of q and n.
16
Let n = -9 + 14. What is the greatest common divisor of n and 2?
1
Let b(x) = -x**3 - 4*x**2 - 4*x - 3. Let z be b(-5). What is the greatest common factor of z and 14?
14
Let i(h) = -h**2 + 4*h + 6. Let l be i(3). Calculate the greatest common divisor of 18 and l.
9
Let f be 60/(-35)*(-42)/4. Calculate the highest common factor of 6 and f.
6
Let a = -15 + 24. Let i(b) = b**3 - 6*b**2 + 7*b + 3. Let g be i(6). Calculate the highest common factor of a and g.
9
Let b be 24 + 8/(-4) + -4. What is the greatest common divisor of 2 and b?
2
Suppose 5*g = 48 + 57. What is the highest common divisor of 231 and g?
21
Suppose -5*w + 628 = -2. Suppose -5 = -3*s + 37. Calc